 o = -6961 + 6941. Let l(h) = h**2 + 20*h + 36. Calculate l(o).
36
Let m = -4383 - -4383. Let s(g) = 5*g + 32. What is s(m)?
32
Suppose 147 = -18*r + 21*r. Let y = -47 + r. Let k(t) be the second derivative of -t**3/3 + t**2 + t. Determine k(y).
-2
Let d = 0 + 4. Let u(p) = -18 + p**3 - d + 8 + 10*p**2 - p. Determine u(-10).
-4
Let p(y) be the first derivative of y**2/2 - 48*y + 185. Let d be p(33). Let a(j) = -j**3 - 15*j**2 + j + 15. Calculate a(d).
0
Let x(u) = 3*u - 36. Suppose -131*t = -982 - 66. What is x(t)?
-12
Let h(o) = 2*o**2 + 81*o + 36. Suppose 4*s + 172 = -4*b, -5*b - 197 = 456*s - 457*s. What is h(b)?
-4
Let h(r) = 8*r**2 + r. Let c(q) = -27*q + 11*q**2 + 5*q**3 - 4*q**3 + 14 + 74 - 34*q**2 - 17. Let n be c(24). Determine h(n).
7
Let x be (0/1)/(7 + -6). Let o(i) = 10*i**2 - i + 1. Let j(b) = 61*b**2 - 7*b + 14. Let w(h) = j(h) - 6*o(h). What is w(x)?
8
Suppose -q - i = 3*q + 2, i = 3*q + 5. Let a be 8/44 - 8/44 - -3. Let j(w) = -250*w**a - 1 - 5*w + 257*w**3 + 3*w. Give j(q).
-6
Let w(p) = p**3 + 35*p**2 + 30*p + 72. Let s be w(-34). Let r(u) = -3 - u + 416*u**3 - 209*u**3 - s*u**3. Let d be (1 + 1 + -2)/2. Determine r(d).
-3
Suppose 1786*y = 1571*y + 1075. Let s(q) = -q**3 + 5*q**2 - 8*q - 1. Give s(y).
-41
Let p = -455 - -458. Let u(z) = -p*z - 20*z**2 + 4*z + 28*z**2 + 0*z. Determine u(1).
9
Let i(y) be the first derivative of -y**4/4 + 2*y**3 - 9*y**2/2 + 105*y - 7537. Calculate i(7).
-7
Let i(k) = k**2 - 136*k + 530. Let r be i(4). Let z(y) = -25*y - 11. What is z(r)?
-61
Let j(v) = -23 + 39617*v + 39647*v - 79244*v. Calculate j(-4).
-103
Let x = -40 - -40. Suppose 0 = -g - 2*h + 3 - x, 3*h = 2*g - 34. Let s(y) = -6 + 3 + 8*y**2 + 11*y + g + y**3. Calculate s(-7).
-20
Let i be -14*7/343 - 2*(-18)/(-21). Let d(n) be the first derivative of -4*n**2 - 7*n - 2. Give d(i).
9
Let s = -626 + 620. Let h(b) = -2*b**3 - 12*b**2 + 6*b + 12. Give h(s).
-24
Let j = -614 + 608. Let s(n) be the second derivative of n**4/12 + n**3 + 4*n**2 + 11*n + 2. Calculate s(j).
8
Let k(g) = 1 + 0*g**2 + 3*g**2 + 2*g**2 - 5 - g**3 + 2318223*g - 2318214*g. Let f = -14 + 20. What is k(f)?
14
Let k(h) = h**2 + 0*h**2 - 11*h + 2 + 10. Let s be k(9). Let z(m) = -10*m**2 - 6*m**2 + 15*m**2 - 6*m + 6 + m. What is z(s)?
0
Let c be (296/(-32) + 13)/((-5)/(-4)). Let i(m) be the second derivative of 1/20*m**5 + 0 - 1/2*m**4 + 1/6*m**c - 22*m + 1/2*m**2. Determine i(6).
7
Let a(n) = n - 2. Let o = -704 + 565. Let j = -148 - o. Calculate a(j).
-11
Let l(c) be the first derivative of -2*c**3/3 + 5*c**2/2 - 11*c - 1152. What is l(5)?
-36
Let r(b) = -2 - b**3 - b + 23*b + 12 - 23*b - 8*b**2. Calculate r(-5).
-60
Let b(q) = -q - 12. Let o = 42 + -38. Suppose -13 = v + o*u, -2 = -5*v - 5*u - 7. Suppose v*f + 3*x = 8*x, 4*x + 27 = -3*f. Give b(f).
-7
Let u(y) be the second derivative of -y**3/3 - 5*y**2 - 2*y + 142. Give u(-9).
8
Let z(c) = 149*c**2 - 51 - 50*c + 63*c**2 - 214*c**2. Calculate z(-24).
-3
Suppose 1014 + 445 - 316 = 127*q. Let k(j) = j**2 - 5*j - 34. Determine k(q).
2
Let v(r) = 3*r**2 + 8*r - 12. Let c be v(-10). Suppose -4*t + c = -30*t. Let x(h) = h**2 + 10*h - 3. Calculate x(t).
-19
Let y(x) be the second derivative of -x**4/12 - 7*x**3/3 + 21*x**2/2 - 3181*x. Calculate y(-13).
34
Let m(v) = -v**3 + 5*v**2 - 4*v. Let r be -1 - (-6)/4*2. Suppose -5*q + 2*n = -26, 29*n - 34*n + 28 = 3*q. Let d be ((-4)/q + r)/((-21)/(-63)). Calculate m(d).
0
Let v(y) = 5*y - 4. Let w be ((-24)/16)/(12/16). Let s be (1 - (-6 - w)) + -3. Calculate v(s).
6
Let j(b) = b**3 - 2 - 5*b + 30*b - 12*b - 3*b - 4*b**2 - 4*b. Calculate j(4).
22
Let u(c) be the third derivative of -c**5/30 - 13*c**4/12 - 7*c**3/6 - 155*c**2 - 5*c. Determine u(-13).
-7
Suppose -2*y = -8*n + 32, 0*n + 2*n + 4*y - 8 = 0. Let u(o) = 3*o**3 - 5*o**2 + 4. Calculate u(n).
116
Let u(i) be the third derivative of -1/4*i**4 + 0 - i**2 - 1/60*i**5 + 0*i + 1/3*i**3. Let l be 6*(-9)/(-12)*16/(-18). Give u(l).
10
Let c(p) = -p**3 - p**2 - p + 17. Let b = 142 - 183. Let m = b - -41. Calculate c(m).
17
Let t(l) = 12*l**2 - 4*l + 8. Let b(n) = -26*n**2 + 9*n - 18. Let r(k) = -3*b(k) - 7*t(k). Determine r(1).
-7
Let v(q) = q + 10. Let h be ((-5)/2)/((-5)/10). Suppose 0 = -h*w + 4*s - 6, 0 = -0*w - 2*w - s + 8. Suppose 2*n + 43 = -3*l, -3*n = -w + 17. What is v(l)?
-1
Let l = -4590 - -4577. Let k(a) = -a**2 - 15*a - 7. What is k(l)?
19
Suppose -69 + 316 = -19*x. Let f(u) = -u**2 - u. Let g(d) = 2*d**2 + d - 1. Suppose 0 = 2*r - 6*r - 24. Let l(y) = r*g(y) + x*f(y). Calculate l(-6).
0
Let x be (741/26 - 27)*(3/3 - 3). Let d(w) = -4*w**3 - w**2 + 5. Give d(x).
104
Let c(v) = -v + 3. Let j(u) = -5*u**2 - 77*u + 139. Let w be j(-17). Calculate c(w).
0
Let w be (871/(-134))/(13/(-8)). Let k(m) be the second derivative of 0 + 1/12*m**w + 3/2*m**2 - m**3 - 20*m. What is k(5)?
-2
Let u be 77/5 - (-14)/(-35). Suppose 3*n - u = -0*n. Let b(j) be the second derivative of j**5/20 - j**4/2 + 5*j**3/6 + 12*j. What is b(n)?
0
Suppose -2*i - 30 = -34. Let a be 5/20*-18*i. Let t(h) = h + 5. Give t(a).
-4
Let b(t) = -t**2 - 2*t + 14. Let k(o) = o**3 - 12*o**2 + 112*o - 1625. Let i be k(13). Calculate b(i).
14
Let s(b) = b**3 - 203*b**2 + 1187*b - 986. Let h be s(197). Let i(n) = -11*n - 1. Let c(p) = 17*p + 1. Let q(m) = 5*c(m) + 8*i(m). Determine q(h).
0
Let m(j) = -3*j - 9. Let t be m(-7). Let p(v) = -7*v**2 - 4*v**2 - 2*v + 12*v**2 + 4 - 10*v + 5. What is p(t)?
9
Let h(x) = -x**3 + 5*x**2 - 13*x + 42. Suppose -208*k - 553*k + 3820 = 3*k. Determine h(k).
-23
Let o(v) = 3*v - 26. Suppose -311*y - 2133 = -74*y. Determine o(y).
-53
Let a(j) = j**2 + 9*j - 14. Let d(r) = -2*r**3 + 44*r**2 - 85*r + 88. Let v be d(20). Determine a(v).
22
Let d(n) be the second derivative of 7*n**3/6 + 8*n**2 + 4241*n. Calculate d(7).
65
Let u(p) = 2*p**3 - 10*p**2 + 5. Let t be u(5). Suppose -3*f + t*k = -25, 5*k + 20 = -0*f + 2*f. Let q(a) = 2 + 3 - f*a + 2*a**2 - 8. Determine q(5).
22
Let v(j) = 8*j + 4 + 2*j + 14 - 11*j. Suppose 1336*w - 1333*w = 51. Give v(w).
1
Let w(v) = -v**2 + 26*v - 17. Let l = 16176 + -16149. Give w(l).
-44
Let u(v) be the first derivative of -v**6/360 + v**5/20 + v**4/4 - 37*v**3/3 + 3*v + 18. Let c(w) be the third derivative of u(w). Give c(7).
-1
Suppose -b - 3*z = -427, -5*z - 1295 = 8*b - 11*b. Let o be b/(-172)*((-2)/(-1) + 0). Let s(w) = -2*w**2 - w + 7. Determine s(o).
-38
Suppose s = -4*r - 12, -4 = 2*r - r. Let f be 6/s + (-21)/2 + 4. Let j(b) be the first derivative of 2*b**2 + 6*b - 13. Determine j(f).
-14
Let g(s) = 7*s - 17 - 13*s - s + 9*s + 0*s. Let f(q) = -8*q - 1. Let d be f(-1). Calculate g(d).
-3
Let b(y) = 6*y**2 - 13*y - 5. Let l(h) = 20*h**2 - 40*h - 16. Let j(n) = 7*b(n) - 2*l(n). Suppose 61 + 67 = 16*x. Calculate j(x).
37
Let g be (-262)/6 - (3 + (-8)/3). Let j = -49 - g. Let c(u) = 32*u**3 - 2 + 4*u**2 + 0 - 4*u - 31*u**3 + 0*u - 3. Calculate c(j).
-10
Let b(q) be the second derivative of -q**3/3 - 12*q**2 - 9904*q. Give b(-2).
-20
Let p(k) = 4*k**3 - 26*k**2 - 3*k - 19. Let g(m) = -3*m**3 + 19*m**2 + 2*m + 19. Let z(r) = 5*g(r) + 4*p(r). Determine z(9).
1
Suppose -w + 5*r + 55 = 10*r, 170 = 5*w + 4*r. Suppose -10*o = 5*o - w. Let y(h) = -h**3 + h**2 - h + 1. Calculate y(o).
-5
Let w(n) = -32*n + 6. Let x(l) = l**2 + 48*l - 49. Let c be x(1). Determine w(c).
6
Suppose -12*p = 4*p + 160. Let r(o) = 4*o + 39. Let f be r(p). Let k(t) = -t**3 - t**2 - t + 2. Let y(w) = -w**2 + w - 1. Let s(h) = -k(h) - y(h). Give s(f).
0
Let d(b) = -b**3 + 16*b**2 + 2*b - 8. Let u(k) = k**3 - 14*k**2 - 5*k + 440. Let z be u(8). Determine d(z).
24
Let q(r) = 2*r + 81. Let f(w) = -56*w + 190. Let p(i) = -f(i) - 5*q(i). What is p(13)?
3
Let k(q) = -3*q - 2. Let x be -3*-7*(108/(-21) + 5). Let s be (-5 - -4 - -2)/(x/(-15)). What is k(s)?
-17
Suppose 5*i + 2 = 2*i + 4*k, 3*i + 3*k = -9. Let d be i + (-5)/(-2) - (-459)/18. Suppose n - 2*a - 14 = a, 5*a + d = 3*n. Let o(j) = 3*j**2. Determine o(n).
12
Let h(q) be the third derivative of q**5/60 - q**4/8 + 5*q**3/6 + 11*q**2. Suppose 0 = -3*x - 11*x + 56. Calculate h(x).
9
Let w(d) = -35 + 24*d**2 - 25*d**2 - 860*d + 836*d. Calculate w(-23).
-12
Let l(m) be the third derivative of -m**4/24 - 4*m**3/3 + 2*m**2. Suppose -4*n + 13*n - 810 = 0. Let q = n - 97. What is l(q)?
-1
Supp